{"id":705,"date":"2022-11-14T10:30:48","date_gmt":"2022-11-14T09:30:48","guid":{"rendered":"https:\/\/www.algaesthetic.pl\/?page_id=705"},"modified":"2025-04-25T18:46:48","modified_gmt":"2025-04-25T16:46:48","slug":"peercing","status":"publish","type":"page","link":"https:\/\/www.algaesthetic.pl\/index.php\/peercing\/","title":{"rendered":"Piercing"},"content":{"rendered":"<div class=\"wp-block-image is-style-rounded\">\n<figure class=\"aligncenter size-full is-resized\"><img loading=\"lazy\" decoding=\"async\" width=\"550\" height=\"516\" src=\"https:\/\/www.algaesthetic.pl\/wp-content\/uploads\/2022\/11\/IMG-20221128-WA0002.jpg\" alt=\"\" class=\"wp-image-1736\" style=\"width:270px;height:270px\" srcset=\"https:\/\/www.algaesthetic.pl\/wp-content\/uploads\/2022\/11\/IMG-20221128-WA0002.jpg 550w, https:\/\/www.algaesthetic.pl\/wp-content\/uploads\/2022\/11\/IMG-20221128-WA0002-300x281.jpg 300w, https:\/\/www.algaesthetic.pl\/wp-content\/uploads\/2022\/11\/IMG-20221128-WA0002-64x60.jpg 64w\" sizes=\"auto, (max-width: 550px) 100vw, 550px\" \/><\/figure>\n<\/div>\n\n\n<p><strong>PIERCING<\/strong><\/p>\n\n\n\n<p>Spos\u00f3b ozdabiania cia\u0142a za pomoc\u0105 kolczyk\u00f3w, wisiork\u00f3w lub innej bi\u017cuterii umieszczanej w r\u00f3\u017cnych jego miejscach.<\/p>\n\n\n\n<p>Przek\u0142ucia wykonuje si\u0119 przy u\u017cyciu wenflonu i sterylnych narz\u0119dzi.<\/p>\n\n\n\n<p><strong>Przeciwwskazania<\/strong>:<br><\/p>\n\n\n\n<ul class=\"wp-block-list\">\n<li>cukrzyca<\/li>\n\n\n\n<li>choroby onkologiczne (nowotwory)<\/li>\n\n\n\n<li>choroby jamy ustnej w przypadku przek\u0142ucia j\u0119zyka i ust<\/li>\n\n\n\n<li>problem z krzepni\u0119ciem krwi<\/li>\n\n\n\n<li>uczulenia ma metale<\/li>\n\n\n\n<li>zmiany sk\u00f3rne w obr\u0119bie przek\u0142ucia<\/li>\n\n\n\n<li>odporno\u015b\u0107 &#8211; stan po antybiotykoterapii (2 tygodnie)<\/li>\n<\/ul>\n\n\n\n<p><strong>Cennik:<\/strong><\/p>\n\n\n\n<ul class=\"wp-block-list\">\n<li>uszy <strong>120 z\u0142<\/strong><\/li>\n\n\n\n<li>1 ucho <strong>75 z\u0142<\/strong><\/li>\n\n\n\n<li>chrz\u0105stka <strong>100 z\u0142<\/strong><\/li>\n\n\n\n<li>industrial <strong>150 z\u0142<\/strong><\/li>\n\n\n\n<li>nostril<strong> 130 z\u0142<\/strong><\/li>\n\n\n\n<li>septum <strong>110 z\u0142<\/strong><\/li>\n\n\n\n<li>brew <strong>150 z\u0142<\/strong><\/li>\n\n\n\n<li>p\u0119pek <strong>150 z\u0142<\/strong><\/li>\n\n\n\n<li>smiley <strong>120 z\u0142<\/strong><\/li>\n\n\n\n<li>conch 75 z\u0142<\/li>\n\n\n\n<li>xelix 130 z\u0142<\/li>\n\n\n\n<li>lobe 100 z\u0142<\/li>\n\n\n\n<li>okolice ust (monroe, madonna, snakebites) <strong>150 z\u0142<\/strong>  <\/li>\n\n\n\n<li>przek\u0142ucia odbywaj\u0105 si\u0119 w Salonie ALGA TAN&amp;FIT przy ul 27 stycznia 10 \/stara lokalizacja Salonu ALGAESTHETIC\/   lub zapisy pod nr tel. 67 2163 519 w godz 12-20<\/li>\n<\/ul>\n\n\n\n<p><\/p>\n","protected":false},"excerpt":{"rendered":"<p>PIERCING Spos\u00f3b ozdabiania cia\u0142a za pomoc\u0105 kolczyk\u00f3w, wisiork\u00f3w lub innej bi\u017cuterii umieszczanej w r\u00f3\u017cnych jego miejscach. Przek\u0142ucia wykonuje si\u0119 przy u\u017cyciu wenflonu i sterylnych narz\u0119dzi. Przeciwwskazania: Cennik:<\/p>\n","protected":false},"author":1,"featured_media":152,"parent":0,"menu_order":0,"comment_status":"closed","ping_status":"closed","template":"","meta":{"footnotes":""},"class_list":["post-705","page","type-page","status-publish","has-post-thumbnail","hentry"],"_links":{"self":[{"href":"https:\/\/www.algaesthetic.pl\/index.php\/wp-json\/wp\/v2\/pages\/705","targetHints":{"allow":["GET"]}}],"collection":[{"href":"https:\/\/www.algaesthetic.pl\/index.php\/wp-json\/wp\/v2\/pages"}],"about":[{"href":"https:\/\/www.algaesthetic.pl\/index.php\/wp-json\/wp\/v2\/types\/page"}],"author":[{"embeddable":true,"href":"https:\/\/www.algaesthetic.pl\/index.php\/wp-json\/wp\/v2\/users\/1"}],"replies":[{"embeddable":true,"href":"https:\/\/www.algaesthetic.pl\/index.php\/wp-json\/wp\/v2\/comments?post=705"}],"version-history":[{"count":14,"href":"https:\/\/www.algaesthetic.pl\/index.php\/wp-json\/wp\/v2\/pages\/705\/revisions"}],"predecessor-version":[{"id":2120,"href":"https:\/\/www.algaesthetic.pl\/index.php\/wp-json\/wp\/v2\/pages\/705\/revisions\/2120"}],"wp:featuredmedia":[{"embeddable":true,"href":"https:\/\/www.algaesthetic.pl\/index.php\/wp-json\/wp\/v2\/media\/152"}],"wp:attachment":[{"href":"https:\/\/www.algaesthetic.pl\/index.php\/wp-json\/wp\/v2\/media?parent=705"}],"curies":[{"name":"wp","href":"https:\/\/api.w.org\/{rel}","templated":true}]}}