{"id":374,"date":"2022-11-03T00:13:20","date_gmt":"2022-11-02T23:13:20","guid":{"rendered":"https:\/\/www.algaesthetic.pl\/?page_id=374"},"modified":"2025-04-25T18:12:27","modified_gmt":"2025-04-25T16:12:27","slug":"makijaz-permanentny","status":"publish","type":"page","link":"https:\/\/www.algaesthetic.pl\/index.php\/makijaz-permanentny\/","title":{"rendered":"Makija\u017c permanentny"},"content":{"rendered":"<div class=\"wp-block-image is-style-rounded\">\n<figure class=\"aligncenter size-large is-resized\"><img loading=\"lazy\" decoding=\"async\" width=\"1419\" height=\"1418\" src=\"https:\/\/www.algaesthetic.pl\/wp-content\/uploads\/2022\/11\/makijperman-edited.jpg\" alt=\"\" class=\"wp-image-1538\" style=\"width:270px;height:270px\" srcset=\"https:\/\/www.algaesthetic.pl\/wp-content\/uploads\/2022\/11\/makijperman-edited.jpg 1419w, https:\/\/www.algaesthetic.pl\/wp-content\/uploads\/2022\/11\/makijperman-edited-300x300.jpg 300w, https:\/\/www.algaesthetic.pl\/wp-content\/uploads\/2022\/11\/makijperman-edited-1024x1024.jpg 1024w, https:\/\/www.algaesthetic.pl\/wp-content\/uploads\/2022\/11\/makijperman-edited-150x150.jpg 150w, https:\/\/www.algaesthetic.pl\/wp-content\/uploads\/2022\/11\/makijperman-edited-768x767.jpg 768w, https:\/\/www.algaesthetic.pl\/wp-content\/uploads\/2022\/11\/makijperman-edited-60x60.jpg 60w\" sizes=\"auto, (max-width: 1419px) 100vw, 1419px\" \/><\/figure>\n<\/div>\n\n\n<p><strong>MAKIJA\u017b PERMANENTNY<\/strong><\/p>\n\n\n\n<p>To zabieg, kt\u00f3ry jest doskona\u0142ym rozwi\u0105zaniem dla os\u00f3b, kt\u00f3re pragn\u0105 podkre\u015bli\u0107 swoj\u0105 urod\u0119 lub skorygowa\u0107 jej niedoskona\u0142o\u015bci. Makija\u017c permanentny pozwala zar\u00f3wno na du\u017c\u0105 oszcz\u0119dno\u015b\u0107 czasu podczas codziennej piel\u0119gnacji, nienaganny wygl\u0105d tu\u017c po przebudzeniu, czy te\u017c podczas wizyty na basenie. Dzi\u0119ki zabiegowi makija\u017cu permanentnego mo\u017cliwa jest poprawa wyrazisto\u015bci oprawy oczu, optyczne powi\u0119kszenie ust, czy te\u017c skorygowanie kszta\u0142tu brwi lub ust. Zabieg polega na wprowadzeniu pigmentu do nask\u00f3rka, gdzie pozostaje od 2 do 5 lat w zale\u017cno\u015bci od rodzaju sk\u00f3ry i wielu innych czynnik\u00f3w. Z biegiem czasu makija\u017c mo\u017ce ja\u015bnie\u0107 i zmienia\u0107 odcie\u0144. Pigmenty wprowadzane s\u0105 za pomoc\u0105 urz\u0105dzenia ig\u0142\u0105, kt\u00f3ra poprzez szybkie drgania aplikuje go do nask\u00f3rka. Kolor pigmentu dobierany jest indywidualnie, uwzgl\u0119dniaj\u0105c typ kolorystyczny urody oraz \u017cyczenie klientki \/ klienta.<\/p>\n\n\n\n<p><strong>Brwi 830z\u0142<\/strong><br><strong>Usta:<\/strong><\/p>\n\n\n\n<ul class=\"wp-block-list\">\n<li>kontur <strong>550 z\u0142<\/strong><\/li>\n\n\n\n<li>kontur z przecieniowaniem <strong>800 z\u0142<\/strong><\/li>\n\n\n\n<li>kontur z wype\u0142nieniem <strong>900 z\u0142<\/strong><br><\/li>\n<\/ul>\n\n\n\n<p><strong>Oczy:<\/strong><\/p>\n\n\n\n<ul class=\"wp-block-list\">\n<li>kreska g\u00f3rna &#8211; zag\u0119szczenie linii rz\u0119s <strong>540 z\u0142<\/strong><\/li>\n\n\n\n<li>kreska dolna<strong> 300 z\u0142<\/strong><\/li>\n\n\n\n<li>kreska g\u00f3rna linerowa i butterfly<strong> 700 z\u0142<\/strong><\/li>\n\n\n\n<li>kreska g\u00f3rna i dolna <strong>700 z\u0142<\/strong><\/li>\n<\/ul>\n\n\n\n<p>Ceny obejmuj\u0105 zabieg wraz z korekt\u0105.<\/p>\n","protected":false},"excerpt":{"rendered":"<p>MAKIJA\u017b PERMANENTNY To zabieg, kt\u00f3ry jest doskona\u0142ym rozwi\u0105zaniem dla os\u00f3b, kt\u00f3re pragn\u0105 podkre\u015bli\u0107 swoj\u0105 urod\u0119 lub skorygowa\u0107 jej niedoskona\u0142o\u015bci. Makija\u017c permanentny pozwala zar\u00f3wno na du\u017c\u0105 oszcz\u0119dno\u015b\u0107 czasu podczas codziennej piel\u0119gnacji, &hellip; <\/p>\n","protected":false},"author":1,"featured_media":152,"parent":0,"menu_order":0,"comment_status":"closed","ping_status":"closed","template":"","meta":{"footnotes":""},"class_list":["post-374","page","type-page","status-publish","has-post-thumbnail","hentry"],"_links":{"self":[{"href":"https:\/\/www.algaesthetic.pl\/index.php\/wp-json\/wp\/v2\/pages\/374","targetHints":{"allow":["GET"]}}],"collection":[{"href":"https:\/\/www.algaesthetic.pl\/index.php\/wp-json\/wp\/v2\/pages"}],"about":[{"href":"https:\/\/www.algaesthetic.pl\/index.php\/wp-json\/wp\/v2\/types\/page"}],"author":[{"embeddable":true,"href":"https:\/\/www.algaesthetic.pl\/index.php\/wp-json\/wp\/v2\/users\/1"}],"replies":[{"embeddable":true,"href":"https:\/\/www.algaesthetic.pl\/index.php\/wp-json\/wp\/v2\/comments?post=374"}],"version-history":[{"count":12,"href":"https:\/\/www.algaesthetic.pl\/index.php\/wp-json\/wp\/v2\/pages\/374\/revisions"}],"predecessor-version":[{"id":2107,"href":"https:\/\/www.algaesthetic.pl\/index.php\/wp-json\/wp\/v2\/pages\/374\/revisions\/2107"}],"wp:featuredmedia":[{"embeddable":true,"href":"https:\/\/www.algaesthetic.pl\/index.php\/wp-json\/wp\/v2\/media\/152"}],"wp:attachment":[{"href":"https:\/\/www.algaesthetic.pl\/index.php\/wp-json\/wp\/v2\/media?parent=374"}],"curies":[{"name":"wp","href":"https:\/\/api.w.org\/{rel}","templated":true}]}}