{"id":1831,"date":"2022-12-05T16:49:23","date_gmt":"2022-12-05T15:49:23","guid":{"rendered":"https:\/\/www.algaesthetic.pl\/?page_id=1831"},"modified":"2022-12-05T17:23:33","modified_gmt":"2022-12-05T16:23:33","slug":"jak-prawidlowo-korzystac-z-menu","status":"publish","type":"page","link":"https:\/\/www.algaesthetic.pl\/index.php\/jak-prawidlowo-korzystac-z-menu\/","title":{"rendered":"Jak prawid\u0142owo korzysta\u0107 z menu ?"},"content":{"rendered":"\n<p class=\"has-text-align-center\">Aby poprawnie korzysta\u0107 z menu, <br>prosz\u0119 dotkn\u0105\u0107 strza\u0142ki znajduj\u0105cej si\u0119 <br>przy ka\u017cdej us\u0142udze.<\/p>\n\n\n\n<p class=\"has-text-align-center\">Dotknij zdj\u0119cia aby powr\u00f3ci\u0107 do strony g\u0142\u00f3wnej.<\/p>\n\n\n<div class=\"wp-block-image\">\n<figure class=\"aligncenter size-large is-resized\"><a href=\"https:\/\/www.algaesthetic.pl\"><img loading=\"lazy\" decoding=\"async\" src=\"https:\/\/www.algaesthetic.pl\/wp-content\/uploads\/2022\/12\/IMG_20221205_171742-494x1024.jpg\" alt=\"\" class=\"wp-image-1844\" width=\"302\" height=\"626\" srcset=\"https:\/\/www.algaesthetic.pl\/wp-content\/uploads\/2022\/12\/IMG_20221205_171742-494x1024.jpg 494w, https:\/\/www.algaesthetic.pl\/wp-content\/uploads\/2022\/12\/IMG_20221205_171742-145x300.jpg 145w, https:\/\/www.algaesthetic.pl\/wp-content\/uploads\/2022\/12\/IMG_20221205_171742-29x60.jpg 29w, https:\/\/www.algaesthetic.pl\/wp-content\/uploads\/2022\/12\/IMG_20221205_171742.jpg 643w\" sizes=\"auto, (max-width: 302px) 100vw, 302px\" \/><\/a><\/figure>\n<\/div>","protected":false},"excerpt":{"rendered":"<p>Aby poprawnie korzysta\u0107 z menu, prosz\u0119 dotkn\u0105\u0107 strza\u0142ki znajduj\u0105cej si\u0119 przy ka\u017cdej us\u0142udze. Dotknij zdj\u0119cia aby powr\u00f3ci\u0107 do strony g\u0142\u00f3wnej.<\/p>\n","protected":false},"author":1,"featured_media":152,"parent":0,"menu_order":0,"comment_status":"closed","ping_status":"closed","template":"","meta":{"footnotes":""},"class_list":["post-1831","page","type-page","status-publish","has-post-thumbnail","hentry"],"_links":{"self":[{"href":"https:\/\/www.algaesthetic.pl\/index.php\/wp-json\/wp\/v2\/pages\/1831","targetHints":{"allow":["GET"]}}],"collection":[{"href":"https:\/\/www.algaesthetic.pl\/index.php\/wp-json\/wp\/v2\/pages"}],"about":[{"href":"https:\/\/www.algaesthetic.pl\/index.php\/wp-json\/wp\/v2\/types\/page"}],"author":[{"embeddable":true,"href":"https:\/\/www.algaesthetic.pl\/index.php\/wp-json\/wp\/v2\/users\/1"}],"replies":[{"embeddable":true,"href":"https:\/\/www.algaesthetic.pl\/index.php\/wp-json\/wp\/v2\/comments?post=1831"}],"version-history":[{"count":5,"href":"https:\/\/www.algaesthetic.pl\/index.php\/wp-json\/wp\/v2\/pages\/1831\/revisions"}],"predecessor-version":[{"id":1848,"href":"https:\/\/www.algaesthetic.pl\/index.php\/wp-json\/wp\/v2\/pages\/1831\/revisions\/1848"}],"wp:featuredmedia":[{"embeddable":true,"href":"https:\/\/www.algaesthetic.pl\/index.php\/wp-json\/wp\/v2\/media\/152"}],"wp:attachment":[{"href":"https:\/\/www.algaesthetic.pl\/index.php\/wp-json\/wp\/v2\/media?parent=1831"}],"curies":[{"name":"wp","href":"https:\/\/api.w.org\/{rel}","templated":true}]}}