{"id":1271,"date":"2022-11-24T20:31:03","date_gmt":"2022-11-24T19:31:03","guid":{"rendered":"https:\/\/www.algaesthetic.pl\/?page_id=1271"},"modified":"2025-04-25T17:17:03","modified_gmt":"2025-04-25T15:17:03","slug":"kwas-laktobionowy","status":"publish","type":"page","link":"https:\/\/www.algaesthetic.pl\/index.php\/kwas-laktobionowy\/","title":{"rendered":"Kwas laktobionowy"},"content":{"rendered":"\n<p><strong>KWAS LAKTOBIONOWY<\/strong> <strong>45% pH 1,3.<\/strong><br><br>Zalecany w przypadku suchej sk\u00f3ry, fotostarzenia, zmarszczek, wybielania, zwiotczenia i pozbawionej blasku sk\u00f3r. Substancje czynne kwasu mlekowego nawil\u017caj\u0105, przyci\u0105gaj\u0105c cz\u0105steczki wody obecne w sk\u00f3rze na powierzchni\u0119 I stymuluj\u0105 syntez\u0119 ceramid\u00f3w. Kwas ten posiada r\u00f3wnie\u017c w\u0142a\u015bciwo\u015bci rozja\u015bniaj\u0105ce, sprzyjaj\u0105ce jednorodnemu rozprowadzeniu melaniny.<\/p>\n\n\n\n<p><strong>Wskazania<\/strong>:<\/p>\n\n\n\n<ul class=\"wp-block-list\">\n<li>kwas przeznaczony sk\u00f3r wra\u017cliwych, suchych,odwodnionych, z tr\u0105dzikiem r\u00f3\u017cowatym,<br>naczynkowych ze sk\u0142onno\u015bciami do podra\u017cnie\u0144.<\/li>\n<\/ul>\n\n\n\n<p><strong>Cel zabiegu:<\/strong><\/p>\n\n\n\n<ul class=\"wp-block-list\">\n<li>wzmacnianie p\u0142aszcza hydrolipidowego<\/li>\n\n\n\n<li>uelastycznienie sk\u00f3ry, uj\u0119drnienie<\/li>\n\n\n\n<li>ograniczenie widoczno\u015bci naczynek<\/li>\n\n\n\n<li>ochrona przed nadmiern\u0105 utrat\u0105 wody z naszej sk\u00f3ry<\/li>\n\n\n\n<li>regeneracja<\/li>\n\n\n\n<li>poprawa og\u00f3lnego stanu sk\u00f3ry<\/li>\n\n\n\n<li>wyg\u0142adzenie<\/li>\n\n\n\n<li>ograniczenie widoczno\u015bci niewielkich zmarszczek<\/li>\n\n\n\n<li>zmniejszenie warstwy rogowej sk\u00f3ry<\/li>\n\n\n\n<li>rozja\u015bnienie i roz\u015bwietlenie<\/li>\n<\/ul>\n\n\n\n<p><strong>Przeciwskazania:<\/strong><\/p>\n\n\n\n<ul class=\"wp-block-list\">\n<li>czynne infekcje bakteryjne, wirusowe i grzybicze<\/li>\n\n\n\n<li>nowotwory sk\u00f3ry<\/li>\n\n\n\n<li>znamiona atypowe<\/li>\n\n\n\n<li>\u015bwie\u017ce blizny<\/li>\n\n\n\n<li>otarcia i inne uszkodzenia sk\u00f3ry <\/li>\n<\/ul>\n\n\n\n<p><strong>Cena: 30 min \/ 180 z\u0142<\/strong><\/p>\n","protected":false},"excerpt":{"rendered":"<p>KWAS LAKTOBIONOWY 45% pH 1,3. Zalecany w przypadku suchej sk\u00f3ry, fotostarzenia, zmarszczek, wybielania, zwiotczenia i pozbawionej blasku sk\u00f3r. Substancje czynne kwasu mlekowego nawil\u017caj\u0105, przyci\u0105gaj\u0105c cz\u0105steczki wody obecne w sk\u00f3rze na &hellip; <\/p>\n","protected":false},"author":1,"featured_media":152,"parent":0,"menu_order":0,"comment_status":"closed","ping_status":"closed","template":"","meta":{"footnotes":""},"class_list":["post-1271","page","type-page","status-publish","has-post-thumbnail","hentry"],"_links":{"self":[{"href":"https:\/\/www.algaesthetic.pl\/index.php\/wp-json\/wp\/v2\/pages\/1271","targetHints":{"allow":["GET"]}}],"collection":[{"href":"https:\/\/www.algaesthetic.pl\/index.php\/wp-json\/wp\/v2\/pages"}],"about":[{"href":"https:\/\/www.algaesthetic.pl\/index.php\/wp-json\/wp\/v2\/types\/page"}],"author":[{"embeddable":true,"href":"https:\/\/www.algaesthetic.pl\/index.php\/wp-json\/wp\/v2\/users\/1"}],"replies":[{"embeddable":true,"href":"https:\/\/www.algaesthetic.pl\/index.php\/wp-json\/wp\/v2\/comments?post=1271"}],"version-history":[{"count":9,"href":"https:\/\/www.algaesthetic.pl\/index.php\/wp-json\/wp\/v2\/pages\/1271\/revisions"}],"predecessor-version":[{"id":2086,"href":"https:\/\/www.algaesthetic.pl\/index.php\/wp-json\/wp\/v2\/pages\/1271\/revisions\/2086"}],"wp:featuredmedia":[{"embeddable":true,"href":"https:\/\/www.algaesthetic.pl\/index.php\/wp-json\/wp\/v2\/media\/152"}],"wp:attachment":[{"href":"https:\/\/www.algaesthetic.pl\/index.php\/wp-json\/wp\/v2\/media?parent=1271"}],"curies":[{"name":"wp","href":"https:\/\/api.w.org\/{rel}","templated":true}]}}